{"id":113,"date":"2017-03-13T17:37:57","date_gmt":"2017-03-13T16:37:57","guid":{"rendered":"http:\/\/auvergne-musicotherapie.fr\/?page_id=113"},"modified":"2017-03-13T17:39:03","modified_gmt":"2017-03-13T16:39:03","slug":"bibliographie","status":"publish","type":"page","link":"https:\/\/auvergne-musicotherapie.fr\/index.php\/bibliographie\/","title":{"rendered":"Bibliographie"},"content":{"rendered":"<p><span style=\"color: #000000;\">Voici une liste non exhaustive d&rsquo;ouvrages, accessible \u00e0 tous et pr\u00e9sentant les applications de la musicoth\u00e9rapie dans diverses types d&rsquo;accompagnements.<\/span><\/p>\n<p><span style=\"color: #000000;\">Bonne Lecture!<\/span><\/p>\n<p><span style=\"color: #000000;\">Lecourt E., D\u00e9couvrir la <strong>musicoth\u00e9rapie<\/strong>, 2005, Edition Eyrolles, 220 p<\/span><br \/>\n<span style=\"color: #000000;\">Berthomieu A., Musicoth\u00e9rapie en <strong>oncologie<\/strong>, 1994, Edition Du Non Verbal, 76 p<\/span><br \/>\n<span style=\"color: #000000;\">Castar\u00e8de M-F.,<strong> La voix<\/strong> et ses sortil\u00e8ges, 1987, Edition Les Belles Lettres, 280 p<\/span><br \/>\n<span style=\"color: #000000;\">Cassiers F., Musicoth\u00e9rapie et <strong>autisme<\/strong> : Deux \u00e9tudes de cas selon le mod\u00e8le de Rolando<\/span><br \/>\n<span style=\"color: #000000;\">Benenzon, 2003, Edition Du Non Verbal, 168 p<\/span><br \/>\n<span style=\"color: #000000;\">Giroud S., Musicoth\u00e9rapie et patients <strong>c\u00e9r\u00e9bro-l\u00e9s\u00e9s<\/strong>, 2004, Edition Du Non Verbal, 120p<\/span><br \/>\n<span style=\"color: #000000;\">Grosl\u00e9ziat C., <strong>Les b\u00e9b\u00e9s<\/strong> et la musique : premi\u00e8re sensations et cr\u00e9ations sonores, 1998,<\/span><br \/>\n<span style=\"color: #000000;\">Edition Er\u00e8s, 110 p<\/span><br \/>\n<span style=\"color: #000000;\">Lacroix C., Musicoth\u00e9rapie en <strong>sant\u00e9 mentale<\/strong>, 2016, Edition Du Non Verbal, 121 p<\/span><br \/>\n<span style=\"color: #000000;\">Postel C., <strong>Difficult\u00e9s scolaires<\/strong> et musicoth\u00e9rapie, 2004, Edition Du Non Verbal, 67 p<\/span><br \/>\n<span style=\"color: #000000;\">Rosenstiehl B., <strong>Polyhandicap<\/strong> et musicoth\u00e9rapie : Vers une ouverture relationnelle,<\/span><br \/>\n<span style=\"color: #000000;\">2006, Edition Du Non Verbal, 116 P<\/span><br \/>\n<span style=\"color: #000000;\">Terreau R., Musicoth\u00e9rapie et <strong>maladie d\u2019Alzheimer<\/strong>, 2014, Edition Univ Europ\u00e9enne, 84p<\/span><\/p>\n","protected":false},"excerpt":{"rendered":"<p>Voici une liste non exhaustive d&rsquo;ouvrages, accessible \u00e0 tous et pr\u00e9sentant les applications de la musicoth\u00e9rapie dans diverses types d&rsquo;accompagnements. Bonne Lecture! Lecourt E., D\u00e9couvrir la musicoth\u00e9rapie, 2005, Edition Eyrolles, 220 p Berthomieu A., Musicoth\u00e9rapie en oncologie, 1994, Edition Du Non Verbal, 76 p Castar\u00e8de M-F., La voix et ses sortil\u00e8ges, 1987, Edition Les Belles &hellip; <a href=\"https:\/\/auvergne-musicotherapie.fr\/index.php\/bibliographie\/\" class=\"more-link\">Lire la suite <span class=\"screen-reader-text\">Bibliographie<\/span><\/a><\/p>\n","protected":false},"author":1,"featured_media":0,"parent":0,"menu_order":0,"comment_status":"closed","ping_status":"closed","template":"","meta":[],"_links":{"self":[{"href":"https:\/\/auvergne-musicotherapie.fr\/index.php\/wp-json\/wp\/v2\/pages\/113"}],"collection":[{"href":"https:\/\/auvergne-musicotherapie.fr\/index.php\/wp-json\/wp\/v2\/pages"}],"about":[{"href":"https:\/\/auvergne-musicotherapie.fr\/index.php\/wp-json\/wp\/v2\/types\/page"}],"author":[{"embeddable":true,"href":"https:\/\/auvergne-musicotherapie.fr\/index.php\/wp-json\/wp\/v2\/users\/1"}],"replies":[{"embeddable":true,"href":"https:\/\/auvergne-musicotherapie.fr\/index.php\/wp-json\/wp\/v2\/comments?post=113"}],"version-history":[{"count":4,"href":"https:\/\/auvergne-musicotherapie.fr\/index.php\/wp-json\/wp\/v2\/pages\/113\/revisions"}],"predecessor-version":[{"id":118,"href":"https:\/\/auvergne-musicotherapie.fr\/index.php\/wp-json\/wp\/v2\/pages\/113\/revisions\/118"}],"wp:attachment":[{"href":"https:\/\/auvergne-musicotherapie.fr\/index.php\/wp-json\/wp\/v2\/media?parent=113"}],"curies":[{"name":"wp","href":"https:\/\/api.w.org\/{rel}","templated":true}]}}