{"id":26,"date":"2017-02-26T16:03:15","date_gmt":"2017-02-26T15:03:15","guid":{"rendered":"http:\/\/auvergne-musicotherapie.fr\/?page_id=26"},"modified":"2018-01-11T12:52:27","modified_gmt":"2018-01-11T11:52:27","slug":"lassociation","status":"publish","type":"page","link":"https:\/\/auvergne-musicotherapie.fr\/index.php\/lassociation\/","title":{"rendered":"L&rsquo;association"},"content":{"rendered":"<h4>Les buts de l&rsquo;association<\/h4>\n<ul>\n<li><span style=\"color: #000000;\">Regrouper et f\u00e9d\u00e9rer les musicoth\u00e9rapeutes d&rsquo;Auvergne ou \u00e0 proximit\u00e9<\/span><\/li>\n<li><span style=\"color: #000000;\">Favoriser les rencontres, \u00e9changes, r\u00e9flexions, avanc\u00e9es du m\u00e9tier et partager entre professionnels<\/span><\/li>\n<li><span style=\"color: #000000;\">Penser sa pratique professionnelle<\/span><\/li>\n<li><span style=\"color: #000000;\">Accueillir les jeunes et futurs musicoth\u00e9rapeutes<\/span><\/li>\n<li><span style=\"color: #000000;\">Promouvoir la musicoth\u00e9rapie et soutenir la recherche<\/span><\/li>\n<li><span style=\"color: #000000;\">Partager du mat\u00e9riel<\/span><\/li>\n<\/ul>\n<h4><span style=\"color: #000000;\">Deux fa\u00e7ons d&rsquo;adh\u00e9rer<\/span><\/h4>\n<p><span style=\"color: #000000;\"><strong>Membre praticien<\/strong>: \u00eatre musicoth\u00e9rapeute form\u00e9 et signer le code d\u00e9ontologie (peut pr\u00e9tendre au Conseil d&rsquo;Administration).<\/span><\/p>\n<p><span style=\"color: #000000;\"><strong>Membre<\/strong>: int\u00e9r\u00eat pour la musicoth\u00e9rapie.<\/span><\/p>\n<h5><span style=\"color: #000000;\">Cotisation annuelle: 15\u20ac<\/span><\/h5>\n","protected":false},"excerpt":{"rendered":"<p>Les buts de l&rsquo;association Regrouper et f\u00e9d\u00e9rer les musicoth\u00e9rapeutes d&rsquo;Auvergne ou \u00e0 proximit\u00e9 Favoriser les rencontres, \u00e9changes, r\u00e9flexions, avanc\u00e9es du m\u00e9tier et partager entre professionnels Penser sa pratique professionnelle Accueillir les jeunes et futurs musicoth\u00e9rapeutes Promouvoir la musicoth\u00e9rapie et soutenir la recherche Partager du mat\u00e9riel Deux fa\u00e7ons d&rsquo;adh\u00e9rer Membre praticien: \u00eatre musicoth\u00e9rapeute form\u00e9 et signer &hellip; <a href=\"https:\/\/auvergne-musicotherapie.fr\/index.php\/lassociation\/\" class=\"more-link\">Lire la suite <span class=\"screen-reader-text\">L&rsquo;association<\/span><\/a><\/p>\n","protected":false},"author":1,"featured_media":0,"parent":0,"menu_order":0,"comment_status":"closed","ping_status":"closed","template":"","meta":[],"_links":{"self":[{"href":"https:\/\/auvergne-musicotherapie.fr\/index.php\/wp-json\/wp\/v2\/pages\/26"}],"collection":[{"href":"https:\/\/auvergne-musicotherapie.fr\/index.php\/wp-json\/wp\/v2\/pages"}],"about":[{"href":"https:\/\/auvergne-musicotherapie.fr\/index.php\/wp-json\/wp\/v2\/types\/page"}],"author":[{"embeddable":true,"href":"https:\/\/auvergne-musicotherapie.fr\/index.php\/wp-json\/wp\/v2\/users\/1"}],"replies":[{"embeddable":true,"href":"https:\/\/auvergne-musicotherapie.fr\/index.php\/wp-json\/wp\/v2\/comments?post=26"}],"version-history":[{"count":6,"href":"https:\/\/auvergne-musicotherapie.fr\/index.php\/wp-json\/wp\/v2\/pages\/26\/revisions"}],"predecessor-version":[{"id":36,"href":"https:\/\/auvergne-musicotherapie.fr\/index.php\/wp-json\/wp\/v2\/pages\/26\/revisions\/36"}],"wp:attachment":[{"href":"https:\/\/auvergne-musicotherapie.fr\/index.php\/wp-json\/wp\/v2\/media?parent=26"}],"curies":[{"name":"wp","href":"https:\/\/api.w.org\/{rel}","templated":true}]}}